 + 4 = -3*x + 2*d, 0 = -2*x + 5*d + 11. Let g be x/(2*4/(-744)*-3). Let y = -27 + g. List the prime factors of y.
2, 3, 11
Suppose w + 2*d = 5958, 29855 = 13*w - 8*w - 3*d. List the prime factors of w.
2, 373
Let j(d) = d**3 + 7*d**2 - 8. Let h be j(-6). List the prime factors of (9/(-2))/((-6)/h).
3, 7
Let d = 121 - 134. Let w(y) = 3*y**2 + 7*y - 20. List the prime factors of w(d).
2, 3, 11
Let s(w) = -25*w**3 + w**2 - 1. Suppose 0 = a - 6*a - 5. Let j be s(a). Suppose -6*r + r + j = 0, -n - 4*r + 94 = 0. What are the prime factors of n?
2, 37
Suppose -6*p = -11*p + 2*k + 14, -p + 3*k = 5. Suppose 0 = 2*g + 22 - 14, -2*a - p*g + 2438 = 0. List the prime factors of a.
3, 409
List the prime factors of (72550/15 - 17)/((-1)/(-3)).
19, 761
Suppose -2*r - r = 4*q - 3, 5*q - 10 = -5*r. Let i(k) = 15*k - r*k + 8 - 50*k. What are the prime factors of i(-4)?
2, 3, 7
Let z(i) = -162*i + 271. What are the prime factors of z(-33)?
41, 137
Let h be -2*(-3)/(-8) + 15047/164. Suppose 0 = -4*j + 67 + 457. Suppose -3*b = -h - j. List the prime factors of b.
2, 37
Suppose -1346*j + 662*j + 1133825 = -659*j. What are the prime factors of j?
7, 11, 19, 31
Suppose -3*m = -3*n - 0*n - 24, 0 = m + 5*n + 22. Let l(f) be the third derivative of 41*f**4/24 - 3*f**3/2 + 557*f**2. List the prime factors of l(m).
2, 3, 19
Let g(m) = 2*m**2 - 8*m. Let u be g(0). Suppose u = 13*v - 1588 - 752. What are the prime factors of v?
2, 3, 5
Let i = -1851 + 2966. Suppose -3*x + i + 295 = 0. List the prime factors of x.
2, 5, 47
Suppose 2*s = s + 4*m + 27, -5*m - 20 = 0. Let c(q) = -q**2 + 11*q + 4. Let v be c(s). Suppose 0 = -v*b - 0 + 20. What are the prime factors of b?
5
Suppose -2*v - 3*o - 12 = -0*v, v - 3*o = 3. Let f be (v + 5)/6 - (-15)/9. Suppose 4*c - f*i - 522 = 0, c + 4*i = 3*i + 138. What are the prime factors of c?
7, 19
Let w = -21190 - -33757. List the prime factors of w.
3, 59, 71
Let k = -21 - -25. Suppose k*d - 2*r - 74 = -0*d, -4*r = 2*d - 22. Suppose o - 5*o - 148 = -4*s, 5*o = s - d. What are the prime factors of s?
2, 3, 7
Let s(x) = -317*x - 1113. List the prime factors of s(-16).
37, 107
Let g = 4425 - -1341. What are the prime factors of g?
2, 3, 31
Let v(h) = 134*h**2 - 46*h + 106. List the prime factors of v(7).
2, 5, 127
Suppose p + 944 + 1118 = 2*p. List the prime factors of p.
2, 1031
Let a be ((-93)/(-3)*2)/(-2). Let l = a - -44. Let z = 8 + l. List the prime factors of z.
3, 7
Let o(k) = 133*k + 2486. List the prime factors of o(66).
2, 11
Let l(h) = 3*h**2 + h - 11. Suppose 5*g = -0*u + 5*u - 15, 5*g - 17 = -3*u. What are the prime factors of l(u)?
41
Suppose 0 = 10*g - 124 + 34. Suppose -6*l + 9*l - g = 0. Suppose -4*d + 0*p + 114 = -l*p, -p + 152 = 5*d. What are the prime factors of d?
2, 3, 5
Suppose 351 = 36*t - 33*t - q, 2*t + 4*q - 248 = 0. Suppose 16*o = 4778 + t. What are the prime factors of o?
2, 3, 17
Let m = -4 + -1. List the prime factors of -3*m*150/9.
2, 5
Let x = 174 + -158. Suppose 14*h - x*h + 1056 = 0. What are the prime factors of h?
2, 3, 11
Suppose -24*j + 21360 = -68971 - 347909. What are the prime factors of j?
2, 5, 11, 83
Let t = -7854 - -14709. What are the prime factors of t?
3, 5, 457
Suppose -20*k = -16*k + 12, -5 = 5*g + 5*k. Suppose -7965 = -17*n + g*n. What are the prime factors of n?
3, 59
Suppose 0 = -390*n + 344240 + 6520540. List the prime factors of n.
2, 13, 677
Suppose 4*u + 24 = -4*n, 22 = -2*n - n - 4*u. Let g = -3101 - 191. List the prime factors of g/(-12) - n/(-6).
2, 137
Let q(i) = 8*i + 77. Let f be q(33). Suppose -p = 3*k - f, -4*p - 3*k + 1314 = -k. List the prime factors of p.
2, 163
Suppose 2*s - s = -846 + 13689. List the prime factors of s.
3, 1427
What are the prime factors of (-3)/((-12)/111586) + (-16)/32*1?
2, 11, 317
Let f be (-3 + 17 - 0)/2. Let o be 6/4 - (2 - f/2). List the prime factors of 380/3 + o/9.
127
Suppose -4*t = -2*b + 28, 0*b + 4*t = -3*b + 22. Suppose 5*a - 5*n = -b, -2*n + 5 = -3. List the prime factors of (-6 + 4)*(-83)/a.
83
Let s(i) = -4*i**3 + 117*i**2 - 55*i - 95. What are the prime factors of s(22)?
29, 439
Let d(z) = z**3 + 7*z**2 + 7*z + 15. Let b be d(-7). Let u be 8/(-16) + -2*b/8. Suppose r + 4*a - u*a = 58, r - 48 = 2*a. List the prime factors of r.
2, 19
Let o = -3329 + 5518. What are the prime factors of o/5 + (-20)/25?
19, 23
Suppose -5*h + 1203 + 1442 = 0. Let x be (1 - -1)*(-3)/(30/(-25)). Suppose 5*u - 2*m = h, 5*m + 520 = x*u - 0*u. What are the prime factors of u?
107
Let f = 4189 + 12. What are the prime factors of f?
4201
Suppose -5*n + 19 + 1 = 0. Suppose 0 = -n*h + 86 + 26. Suppose 25*q = h*q - 579. List the prime factors of q.
193
Let h(n) = 7903*n - 1835. What are the prime factors of h(4)?
11, 2707
Let d be -11 + 8 - 2*-4. Suppose 29 = d*w + 9. Suppose 0 = w*i + 50 - 358. List the prime factors of i.
7, 11
Let q(z) = -35*z + 50. Let v(g) = -g**3 - 3*g**2 - 2*g - 10. Let a be v(0). List the prime factors of q(a).
2, 5
Let w = -11 + 18. Suppose 0 = -5*d + 3 + w. Suppose g = -d*f + 71 + 5, -4*f = -g + 76. What are the prime factors of g?
2, 19
Let y(t) = t**3 + 13*t**2 + 11*t - 13. Let g(n) = 2*n**3 + 25*n**2 + 21*n - 27. Let c = 25 - 12. Let o(a) = c*y(a) - 6*g(a). List the prime factors of o(-18).
11
Suppose -4*s = -3*s + 2*s - 9. Suppose -2*k + 4 = -2*d, -5*d + 20 = -d + 3*k. Suppose -148 = -4*q + s*h, -4*q - d*h + 128 = -q. What are the prime factors of q?
2, 5
Let g(w) = 544*w - 4245. What are the prime factors of g(49)?
73, 307
Let h(r) = 12*r**2 - 11*r - 6. Let n = 79 + -74. List the prime factors of h(n).
239
Suppose -x + 1039 = 4*n - 425, 0 = 2*x + 3*n - 2933. Suppose -4*m = -m + 5*k - x, -2*k = -2*m + 952. List the prime factors of m.
13, 37
Suppose -16 = 3*u + u. Let a(h) = -h**2 - 5*h + 6. Let n be a(u). Let k(z) = z**3 - 11*z**2 + 20*z. What are the prime factors of k(n)?
2, 5
Let t = 73 + -85. List the prime factors of (t/(-15))/((-10)/(-8225)).
2, 7, 47
Let k = -491 - -494. Suppose 5*n - 10*l - 345 = -15*l, -4*n + k*l = -255. What are the prime factors of n?
2, 3, 11
Let n(f) = -57*f**2 - 34*f - 8. Let i(m) = 56*m**2 + 30*m + 9. Let x(j) = 5*i(j) + 4*n(j). List the prime factors of x(-1).
3, 17
Let p(j) = -6343*j - 5654. List the prime factors of p(-15).
89491
Let v(b) = 3*b**3 + 29*b**2 - 12*b - 4. Let p be v(-10). List the prime factors of ((-8968)/p)/(-3*4/24).
19, 59
Let u(n) = 53*n**2 - 13*n - 120. Let f(c) = -26*c**2 + 7*c + 61. Let g(s) = -9*f(s) - 4*u(s). List the prime factors of g(-6).
3, 263
Let k = 131 - 45. Let l = 43 + k. Suppose 4*d = l + 119. What are the prime factors of d?
2, 31
Let j(c) be the third derivative of c**5/60 - c**4/2 - 3*c**3 - 16*c**2. Let v be j(13). Let f(h) = -h**3 - 2*h**2 + h + 4. List the prime factors of f(v).
2, 37
List the prime factors of (-70)/(-350) - 61408/(-10).
3, 23, 89
Let a = 2510 - -3946. What are the prime factors of a?
2, 3, 269
Suppose 6*r + 11 = -19. Let k be r - 4/((-20)/3785). Suppose -4*z = -5*j - 577, 3*z + 2*z + 4*j = k. What are the prime factors of z?
2, 37
Let a = 17731 - -36637. What are the prime factors of a?
2, 1699
Let m(y) = 4*y - 43 + 398*y**2 - 56 + 96. What are the prime factors of m(1)?
3, 7, 19
Let p = -55 + 133. Let k be 201/p*2 - (-22)/(-143). Suppose -2*t + 192 - 1016 = -5*s, s - k*t = 151. What are the prime factors of s?
2, 83
Let s be ((-2)/(-1) - -2) + 30. Let j = s - 32. Suppose -z - 13 = -y - 177, -j*y + 10 = 0. List the prime factors of z.
13
Let l be (-84)/(0 - 4)*(-4)/(-12). Let s be 108/l - 16/(-28). Suppose 3*i - 427 + s = 0. What are the prime factors of i?
137
Let g be (15/(-6))/(-6 - 77/(-14)). Suppose 2*c = 4, 6*o + g*c - 914 = 2*o. What are the prime factors of o?
2, 113
Let v(z) = -6*z - 478. Let i be v(0). Let y = 620 + i. List the prime factors of y.
2, 71
Let b = -171 + 198. Suppose 3859 = b*y - 7130. What are the prime factors of y?
11, 37
Let d = 83 + -81. Suppose -d*w = -6*w - 4*v, 2*w + v = 1. What are the prime factors of 10/(-25) + (w - 224/(-10))?
23
Suppose b - 4*s + 27 = 0, 7 = 5*b - 5*s + 67. List the prime factors of 168336/108 + b/(-3).
7, 223
Let d = 16374 - 10189. What are the prime factors of d?
5, 1237
Suppose 4410*z + 13283622 = 4652*z. What are the prime factors of z?
3, 19, 107
Let p(c) = 350 - 220 + 122*c - 164. Wha